hat is the units digit of m?
2
Let x(o) = -17*o - 22. Let l(s) = -6*s - 7. Let a(n) = 8*l(n) - 3*x(n). Let w(q) = q + 14. Let y be w(-8). What is the tens digit of a(y)?
2
Let v(y) = 33*y**3 - 2*y**2 + 3*y - 2. Let p be v(1). What is the units digit of (p/6)/(16/6 - 2)?
8
Let y = 12 + -12. Suppose y = 2*v - 4*v - 840. What is the tens digit of (-6)/4*v/45?
1
What is the units digit of (-8)/(3*(-7)/4956)?
8
Suppose 4*c - 3*c + 705 = 2*i, -3 = c. What is the hundreds digit of i?
3
Let w(l) = -14*l**2 - 4*l - 39. Let i(t) = -5*t**2 - t - 13. Let u(k) = -17*i(k) + 6*w(k). What is the units digit of u(10)?
7
Let h(s) = -s + 2. Let d be h(-1). Suppose -d*n - 6 = 3, -5*r + 5*n + 25 = 0. Suppose -2*b = r*v + 2*b - 16, -3*b = 0. What is the units digit of v?
8
Let g = 5 + -1. Suppose -g*i + 4 - 144 = 0. Let m = i + 69. What is the units digit of m?
4
Suppose -100 - 90 = 5*u. Let m = 139 + u. What is the tens digit of m?
0
Suppose -4*j = -4, r + 2*j - 2786 = 3*r. What is the tens digit of r/(-54) + (-4)/(-18)?
2
What is the hundreds digit of ((-171)/36 - -4)/((-1)/168)?
1
Suppose -4*b + 5*o = -8*b - 349, -b = 4*o + 90. Let c = b - -122. What is the tens digit of c?
3
Suppose -7*z - 724 + 3517 = 0. Suppose -4*o + 2*o = 5*m - 227, -m = -4*o + z. What is the units digit of o?
1
Let s be (510/8)/(9/24). Suppose 5*o + 145 = -s. Let x = o - -108. What is the units digit of x?
5
Let t = -625 - -1260. What is the tens digit of t?
3
Suppose 89*f - 341366 = 7*f. What is the units digit of f?
3
Let r = -3 - 2. Let h = 9 + r. Suppose 1 = -h*k + 9. What is the units digit of k?
2
Let g = 2097 + 354. What is the hundreds digit of g?
4
Let k = -9 + -13. Let w = 35 - k. What is the units digit of w?
7
Let v(m) = -m**3 + 7*m**2 + 3*m - 4. Let g(b) = 2*b - 9. Let i be g(7). What is the units digit of v(i)?
1
Let o = 254 + -171. Let c = o - 43. What is the tens digit of c?
4
Suppose 5 = -g - 10. Let n = 52 + -5. Let d = n + g. What is the tens digit of d?
3
Let j(f) = f + 9. Let t be j(-8). Let c be (-2 - t)*(-2)/2. Suppose -27 = -y + 2*w, -2*w - 18 = c*y - 67. What is the tens digit of y?
1
Suppose 0*y + 267 = 4*v + y, -3*y = v - 75. What is the units digit of v?
6
Let b(l) be the second derivative of 1/12*l**4 + 3/10*l**5 + 0 + 0*l**3 + 7*l - 1/2*l**2. What is the units digit of b(1)?
6
Suppose -21*u + 9594 + 4287 = 0. What is the hundreds digit of u?
6
Suppose 4*s - 7*i + 5 = -2*i, 0 = -2*s + 4*i - 4. Suppose -2*t + 43 + 21 = s. What is the tens digit of t?
3
Suppose -2*u - 3*h - 9 = 0, 0 = -0*u - 4*u - h + 7. Suppose -11*o + u*o + 1488 = 0. What is the tens digit of o?
8
Let f be (-4)/14 - (-80)/(-14). Let d(b) = b**3 + 6*b**2 - b - 4. Let t be d(f). Suppose -30 = -t*r + 30. What is the tens digit of r?
3
Suppose 3*g + o = -4*o - 19, 0 = 3*g + 4*o + 20. Let h be (-8)/(-6)*36/g. Let s(j) = j**2 - 4*j - 7. What is the tens digit of s(h)?
5
Let a = -6 - -17. What is the tens digit of (a + 55)*(0 - -1)?
6
Let m = 370 - 189. Suppose h = -2*n + 289, 2*n - 120 = 3*h + m. What is the units digit of n?
6
Suppose 2*a = a - 3. What is the tens digit of a*(-11 + -2) - -4?
4
Let l(b) = 9*b**2 - 5*b - 5. Let p(h) = -h**3 - 8*h**2 - 3. Let i be p(-8). What is the tens digit of l(i)?
9
Let k = -201 - -479. What is the hundreds digit of k?
2
What is the units digit of 501 + 4/(-12)*-3 - 0?
2
Let n be ((-1)/21 + (-16)/56)*-21. Suppose -4*b + 35 + 21 = 0. Suppose j + 3*a - b = 4*a, -3*j - 4*a = -n. What is the units digit of j?
9
Let m(z) = 2*z + 15. Let f(v) = v**3 - 7*v**2 + 7*v + 9. Let d be f(6). What is the units digit of m(d)?
5
Let z(d) = 39*d**2 - 12*d - 34. What is the tens digit of z(-7)?
6
Let n(o) = o**2 - o - 5. Let h be n(5). Suppose -2*s - 5*p = -23, -3*s = p + 11 - 13. Let i = h + s. What is the tens digit of i?
1
Suppose 4 = 2*x - 4. Suppose -u + x = -0. Suppose 0 = u*d - 0 - 4. What is the units digit of d?
1
Let v = 1171 + -172. What is the units digit of v?
9
Suppose 2*d - 93 = -n, 2*n + 0*d - 174 = -d. Let q = n - 39. What is the units digit of q?
6
Let g(q) = 7*q + 2. Let w(r) = -21*r - 7. Let j(s) = 17*g(s) + 6*w(s). What is the units digit of j(-6)?
4
Let y(x) = -35*x + 2. Suppose -2*g - g + 16 = -4*u, 2*u - 2*g = -10. What is the tens digit of y(u)?
3
Let l = 2182 - 1543. What is the tens digit of l?
3
Let w be (4 - 8) + 2 + 19. Suppose -2*a = 16 - 44. Let o = w - a. What is the units digit of o?
3
Suppose 9 = 3*h, 0*p = -3*p - 4*h + 15. Suppose -3 = -n + p. Suppose 4 = n*s - 60. What is the units digit of s?
6
Let p be (28/21)/(1/(-6)). Let f(s) = -s**3 - 7*s**2 + 9*s + 1. Let b be f(p). Let l = 26 + b. What is the tens digit of l?
1
Let p = -2 + 1. Let k(w) = -10*w + 2 + 14*w - 3*w - 15*w. What is the units digit of k(p)?
6
Suppose 0*p - 5 = 5*p. Let g(a) = -39*a**3 - 2*a**2 + 1. What is the tens digit of g(p)?
3
Let t(p) = -2*p + 6. Let d be t(-7). Let m = 14 - 6. Suppose -4*q - d = -m*q. What is the units digit of q?
5
Let k(i) = 2*i - 1. Let u be k(3). Suppose -5*r + 6 + 4 = u*d, -4*r - 12 = -d. Suppose 5*g - 4*b - 323 = -2*b, d*b = -2*g + 134. What is the units digit of g?
5
Suppose -43*v = -38*v - 75. Suppose -4*d = -v - 9. Suppose d*z + 41 = 191. What is the tens digit of z?
2
Suppose 2*a - 17 = -7. Let u = 117 - a. What is the hundreds digit of u?
1
Let g(p) be the first derivative of 7/3*p**3 + 8*p - 2*p**2 - 3 + 1/4*p**4. What is the tens digit of g(-7)?
3
Let j = 94 + -36. What is the tens digit of j?
5
Suppose k - 4*l = 0, 3*l - 2 - 1 = 0. Let q be 6/9*18/k. Let h(n) = 2*n**3 - 5*n**2 + 3*n - 2. What is the tens digit of h(q)?
1
Let s(o) = -o + 1. Let z be s(-4). Suppose -2*b - 3*u = -56, -z*b + 4*u = 3 - 166. What is the tens digit of b?
3
Let q = 204 + -141. What is the tens digit of q?
6
Suppose o + 642 = 4*g + 95, -715 = -5*g - 5*o. Suppose -j + 355 = 5*k, g - 423 = -4*k - j. What is the tens digit of k?
7
Let y = -3 - -4. Let q(r) = 43*r**2 + 15*r**2 - 4 + 2*r**2 - r + 4. What is the units digit of q(y)?
9
Let q(g) = 184*g + 791. What is the units digit of q(14)?
7
Let z(l) = -l**3 - 3*l**2 + l. Let y be z(-3). Let i = -23 - -48. Let f = y + i. What is the units digit of f?
2
Let l(j) = 25*j**2 - 11*j - 13. What is the hundreds digit of l(-4)?
4
Let z = 51 + -51. Suppose -3*c - 82 + 760 = z. What is the hundreds digit of c?
2
Let p = 34 + -32. What is the tens digit of 64 - 4*1/p?
6
Let d = 12 - 11. Suppose -2 = -m + d. Suppose -94 = -2*g + 5*a, -141 = -3*g - m*a + 5*a. What is the units digit of g?
7
Suppose u - 4*t + 3 = -1, -4 = -u - 4*t. Suppose -3*r + 3*n = -6, u*r - 4*r - n + 18 = 0. Let h = -1 + r. What is the units digit of h?
3
Suppose 25*g + 27472 = 93*g. What is the tens digit of g?
0
Let o be (-3)/(-3)*1 + -8. Let n(c) = 2*c - 8. Let r be n(8). Let d = r - o. What is the units digit of d?
5
Suppose 288 = 16*y - 720. What is the units digit of y?
3
Suppose 4*s + 16 = 0, j = -3*s - 15 - 76. Let r = j + 170. What is the tens digit of r?
9
Let w(b) = -b**2 + 4*b - 5. Let g be w(2). Let x(m) = -m - 2. Let f be x(g). What is the tens digit of (-20)/((-2)/(-3)*f)?
3
Let v(x) = 67*x**3 + 3*x**2 + x - 2. Let u be v(1). What is the units digit of u*((-80)/(-15))/8?
6
Let t(h) = 16*h**2 - 8*h. What is the tens digit of t(5)?
6
Let b(h) = -13*h + 2. Let o be (-84)/(-18) - (-4)/(-6). Suppose -2*m - o = 2*m. What is the units digit of b(m)?
5
Let c(x) = -x - 3. Suppose -4*j - 2 = -10, 6 = o + 3*j. Let b be c(o). What is the units digit of (b + 3 + 1)/1?
1
Let r = 28 - 25. Suppose -5*d - 3*u + 35 = 0, -d + u + r = d. What is the units digit of d?
4
Let k = -7 + 24. Let i = k - 6. Suppose i = a - 10. What is the tens digit of a?
2
Let b = -4416 + 6273. What is the units digit of b?
7
Let x(k) = 126*k**2 + 4*k + 18. What is the tens digit of x(-3)?
4
Let d(n) = -31*n**3 - 5*n - 6. What is the units digit of d(-4)?
8
Let i(j) = 148*j + 195. What is the tens digit of i(8)?
7
Suppose -50 = -6*r + 124. Let b = -50 + r. What is the units digit of (24/b)/((-2)/7)?
4
Let w(r) = 13*r**2 + 20*r + 13. What is the units digit of w(-5)?
8
Let s(q) = q**2 + q - 1. Let r(v) = 3*v**2 - 3*v + 4. Let u(g) = r(g) - 4*s(g). Suppose 3*z = 4*j + 27, -16 = 5*j - z + 15. What is the units digit of u(j)?
4
Let s(v) = 5*v**3 - 11*v**2 - 3*v - 3. Let f(p) = -p**3 + p**2